{"version":"1.0","provider_name":"inSuit","provider_url":"https:\/\/www.insuit.net\/es\/","title":"Taller de uso de inSuit con asociaciones de personas con discapacidad","type":"rich","width":600,"height":338,"html":"<blockquote class=\"wp-embedded-content\" data-secret=\"CdPDdvb8zS\"><a href=\"https:\/\/www.insuit.net\/es\/taller-uso-insuit-asociaciones-personas-discapacidad\/\">Taller de uso de inSuit con asociaciones de personas con discapacidad<\/a><\/blockquote><iframe sandbox=\"allow-scripts\" security=\"restricted\" src=\"https:\/\/www.insuit.net\/es\/taller-uso-insuit-asociaciones-personas-discapacidad\/embed\/#?secret=CdPDdvb8zS\" width=\"600\" height=\"338\" title=\"\u00abTaller de uso de inSuit con asociaciones de personas con discapacidad\u00bb \u2014 inSuit\" data-secret=\"CdPDdvb8zS\" frameborder=\"0\" marginwidth=\"0\" marginheight=\"0\" scrolling=\"no\" class=\"wp-embedded-content\"><\/iframe><script type=\"text\/javascript\">\n\/* <![CDATA[ *\/\n\/*! This file is auto-generated *\/\n!function(d,l){\"use strict\";l.querySelector&&d.addEventListener&&\"undefined\"!=typeof URL&&(d.wp=d.wp||{},d.wp.receiveEmbedMessage||(d.wp.receiveEmbedMessage=function(e){var t=e.data;if((t||t.secret||t.message||t.value)&&!\/[^a-zA-Z0-9]\/.test(t.secret)){for(var s,r,n,a=l.querySelectorAll('iframe[data-secret=\"'+t.secret+'\"]'),o=l.querySelectorAll('blockquote[data-secret=\"'+t.secret+'\"]'),c=new RegExp(\"^https?:$\",\"i\"),i=0;i<o.length;i++)o[i].style.display=\"none\";for(i=0;i<a.length;i++)s=a[i],e.source===s.contentWindow&&(s.removeAttribute(\"style\"),\"height\"===t.message?(1e3<(r=parseInt(t.value,10))?r=1e3:~~r<200&&(r=200),s.height=r):\"link\"===t.message&&(r=new URL(s.getAttribute(\"src\")),n=new URL(t.value),c.test(n.protocol))&&n.host===r.host&&l.activeElement===s&&(d.top.location.href=t.value))}},d.addEventListener(\"message\",d.wp.receiveEmbedMessage,!1),l.addEventListener(\"DOMContentLoaded\",function(){for(var e,t,s=l.querySelectorAll(\"iframe.wp-embedded-content\"),r=0;r<s.length;r++)(t=(e=s[r]).getAttribute(\"data-secret\"))||(t=Math.random().toString(36).substring(2,12),e.src+=\"#?secret=\"+t,e.setAttribute(\"data-secret\",t)),e.contentWindow.postMessage({message:\"ready\",secret:t},\"*\")},!1)))}(window,document);\n\/\/# sourceURL=https:\/\/www.insuit.net\/wp-includes\/js\/wp-embed.min.js\n\/* ]]> *\/\n<\/script>\n","thumbnail_url":"https:\/\/www.insuit.net\/wp-content\/uploads\/2019\/04\/NUEVA-CERMI-1.png","thumbnail_width":951,"thumbnail_height":611,"description":"El pasado 11 de abril celebramos junto a la asociaci\u00f3n\u00a0Red Proyecto Social y CERMI CV (Comit\u00e9 Espa\u00f1ol de Representantes de personas con discapacidad de la Comunidad Valenciana), un taller de formaci\u00f3n de la usabilidad de las herramientas de la accesibilidad web que facilita el programa inSuit. El taller se celebr\u00f3 en una de las instalaciones [&hellip;]"}

El pasado 11 de abril celebramos junto a la asociación Red Proyecto Social y CERMI CV (Comité Español de Representantes de personas con discapacidad de la Comunidad Valenciana), un taller de formación de la usabilidad de las herramientas de la accesibilidad web que facilita el programa inSuit. El taller se celebró en una de las instalaciones [&hellip;]
